{"id":29,"date":"2025-09-19T14:56:25","date_gmt":"2025-09-19T14:56:25","guid":{"rendered":"http:\/\/51.178.30.59\/campfoot\/?page_id=29"},"modified":"2026-01-22T20:10:21","modified_gmt":"2026-01-22T20:10:21","slug":"team","status":"publish","type":"page","link":"https:\/\/nextgensocceracademy.ch\/index.php\/team\/","title":{"rendered":"Team"},"content":{"rendered":"\n<div class=\"wp-block-group cff-team-presentation fade-stagger is-layout-grid wp-container-core-group-is-layout-ae5b3860 wp-block-group-is-layout-grid\">\n<div class=\"wp-block-group is-vertical is-layout-flex wp-container-core-group-is-layout-8cf370e7 wp-block-group-is-layout-flex\">\n<figure class=\"wp-block-image size-full is-resized\"><img loading=\"lazy\" decoding=\"async\" width=\"1200\" height=\"1437\" src=\"https:\/\/nextgensocceracademy.ch\/wp-content\/uploads\/2026\/01\/Fabio_Filieri_Nextgen_Soccer_Academy.webp\" alt=\"Fabio Filieri Nextgen Soccer Academy\" class=\"wp-image-382\" style=\"aspect-ratio:3\/4;object-fit:cover;width:429px;height:auto\" srcset=\"https:\/\/nextgensocceracademy.ch\/wp-content\/uploads\/2026\/01\/Fabio_Filieri_Nextgen_Soccer_Academy.webp 1200w, https:\/\/nextgensocceracademy.ch\/wp-content\/uploads\/2026\/01\/Fabio_Filieri_Nextgen_Soccer_Academy-251x300.webp 251w, https:\/\/nextgensocceracademy.ch\/wp-content\/uploads\/2026\/01\/Fabio_Filieri_Nextgen_Soccer_Academy-855x1024.webp 855w, https:\/\/nextgensocceracademy.ch\/wp-content\/uploads\/2026\/01\/Fabio_Filieri_Nextgen_Soccer_Academy-768x920.webp 768w\" sizes=\"auto, (max-width: 1200px) 100vw, 1200px\" \/><\/figure>\n\n\n\n<h2 class=\"wp-block-heading\">Fabio Filieri<\/h2>\n\n\n\n<p>Administrateur \/ webmaster<\/p>\n\n\n\n<p>Club: Birse FC<\/p>\n<\/div>\n\n\n\n<div class=\"wp-block-group is-vertical is-layout-flex wp-container-core-group-is-layout-8cf370e7 wp-block-group-is-layout-flex\">\n<figure class=\"wp-block-image size-full\"><img loading=\"lazy\" decoding=\"async\" width=\"1200\" height=\"1410\" src=\"https:\/\/nextgensocceracademy.ch\/wp-content\/uploads\/2026\/01\/David_Krebs_Nextgen_Soccer_Academy.webp\" alt=\"David Krebs Nextgen Soccer Academy\" class=\"wp-image-381\" srcset=\"https:\/\/nextgensocceracademy.ch\/wp-content\/uploads\/2026\/01\/David_Krebs_Nextgen_Soccer_Academy.webp 1200w, https:\/\/nextgensocceracademy.ch\/wp-content\/uploads\/2026\/01\/David_Krebs_Nextgen_Soccer_Academy-255x300.webp 255w, https:\/\/nextgensocceracademy.ch\/wp-content\/uploads\/2026\/01\/David_Krebs_Nextgen_Soccer_Academy-871x1024.webp 871w, https:\/\/nextgensocceracademy.ch\/wp-content\/uploads\/2026\/01\/David_Krebs_Nextgen_Soccer_Academy-768x902.webp 768w\" sizes=\"auto, (max-width: 1200px) 100vw, 1200px\" \/><\/figure>\n\n\n\n<h2 class=\"wp-block-heading\">David Krebs<\/h2>\n\n\n\n<p>Entra\u00eeneur \/ coordinateur<\/p>\n\n\n\n<p>Club: Birse FC<\/p>\n<\/div>\n\n\n\n<div class=\"wp-block-group is-vertical is-layout-flex wp-container-core-group-is-layout-8cf370e7 wp-block-group-is-layout-flex\">\n<figure class=\"wp-block-image size-full is-resized\"><img loading=\"lazy\" decoding=\"async\" width=\"1200\" height=\"1590\" src=\"https:\/\/nextgensocceracademy.ch\/wp-content\/uploads\/2026\/01\/Steve_Morand_Nextgen_Soccer_Academy.webp\" alt=\"Steve Morand Nextgen Soccer Academy\" class=\"wp-image-383\" style=\"width:181px;height:auto\" srcset=\"https:\/\/nextgensocceracademy.ch\/wp-content\/uploads\/2026\/01\/Steve_Morand_Nextgen_Soccer_Academy.webp 1200w, https:\/\/nextgensocceracademy.ch\/wp-content\/uploads\/2026\/01\/Steve_Morand_Nextgen_Soccer_Academy-226x300.webp 226w, https:\/\/nextgensocceracademy.ch\/wp-content\/uploads\/2026\/01\/Steve_Morand_Nextgen_Soccer_Academy-773x1024.webp 773w, https:\/\/nextgensocceracademy.ch\/wp-content\/uploads\/2026\/01\/Steve_Morand_Nextgen_Soccer_Academy-768x1018.webp 768w, https:\/\/nextgensocceracademy.ch\/wp-content\/uploads\/2026\/01\/Steve_Morand_Nextgen_Soccer_Academy-1159x1536.webp 1159w\" sizes=\"auto, (max-width: 1200px) 100vw, 1200px\" \/><figcaption class=\"wp-element-caption\">Steve Morand<\/figcaption><\/figure>\n\n\n\n<h2 class=\"wp-block-heading\">Steve Morand<\/h2>\n\n\n\n<p>Entra\u00eeneur \/ coordinateur<\/p>\n\n\n\n<p>Club: Birse FC<\/p>\n<\/div>\n<\/div>\n\n\n\n<div style=\"height:8rem\" aria-hidden=\"true\" class=\"wp-block-spacer\"><\/div>\n\n\n\n<div class=\"wp-block-group cff-hero-points fade-stagger is-layout-grid wp-container-core-group-is-layout-148d70a5 wp-block-group-is-layout-grid\">\n<div class=\"wp-block-group wp-container-content-9df8e368 is-vertical is-content-justification-center is-layout-flex wp-container-core-group-is-layout-4b2eccd6 wp-block-group-is-layout-flex\">\n<figure class=\"wp-block-image size-full cff-svg-hero\"><img decoding=\"async\" src=\"http:\/\/51.178.30.59\/campfoot\/wp-content\/uploads\/2025\/12\/048-player.svg\" alt=\"\" class=\"wp-image-143\"\/><\/figure>\n\n\n\n<h3 class=\"wp-block-heading\"><strong><strong>Dipl\u00f4m\u00e9s &amp; certifi\u00e9s<\/strong><\/strong><\/h3>\n\n\n\n<p class=\"has-text-align-center\">Des entra\u00eeneurs form\u00e9s, exp\u00e9riment\u00e9s et actifs toute l\u2019ann\u00e9e dans le football.<\/p>\n<\/div>\n\n\n\n<div class=\"wp-block-group wp-container-content-9df8e368 is-vertical is-content-justification-center is-layout-flex wp-container-core-group-is-layout-4b2eccd6 wp-block-group-is-layout-flex\">\n<figure class=\"wp-block-image size-full cff-svg-hero\"><img decoding=\"async\" src=\"http:\/\/51.178.30.59\/campfoot\/wp-content\/uploads\/2025\/12\/047-formation.svg\" alt=\"\" class=\"wp-image-144\"\/><\/figure>\n\n\n\n<h3 class=\"wp-block-heading\"><strong><strong>Entra\u00eenements sur mesure<\/strong><\/strong><\/h3>\n\n\n\n<p class=\"has-text-align-center\">Des sessions adapt\u00e9es \u00e0 l\u2019\u00e2ge, au niveau et aux besoins de chaque enfant.<\/p>\n<\/div>\n\n\n\n<div class=\"wp-block-group wp-container-content-9df8e368 is-vertical is-content-justification-center is-layout-flex wp-container-core-group-is-layout-4b2eccd6 wp-block-group-is-layout-flex\">\n<figure class=\"wp-block-image size-full cff-svg-hero\"><img decoding=\"async\" src=\"http:\/\/51.178.30.59\/campfoot\/wp-content\/uploads\/2025\/12\/046-football.svg\" alt=\"\" class=\"wp-image-187\"\/><\/figure>\n\n\n\n<h3 class=\"wp-block-heading\"><strong><strong>\u00c9panouissement par le jeu<\/strong><\/strong><\/h3>\n\n\n\n<p class=\"has-text-align-center\">Un environnement bienveillant pour progresser, s\u2019\u00e9panouir et prendre du plaisir.<\/p>\n\n\n\n<p class=\"has-text-align-center\">.<\/p>\n<\/div>\n<\/div>\n\n\n\n<div style=\"height:8rem\" aria-hidden=\"true\" class=\"wp-block-spacer\"><\/div>\n\n\n\n<div class=\"wp-block-media-text is-stacked-on-mobile is-image-fill-element cff-media-text\"><figure class=\"wp-block-media-text__media\"><img loading=\"lazy\" decoding=\"async\" width=\"640\" height=\"427\" src=\"http:\/\/51.178.30.59\/campfoot\/wp-content\/uploads\/2025\/12\/junior-football-team-2025-03-08-06-36-48-utc-Moyenne.jpeg\" alt=\"\" class=\"wp-image-98 size-full\" style=\"object-position:50% 50%\" srcset=\"https:\/\/nextgensocceracademy.ch\/wp-content\/uploads\/2025\/12\/junior-football-team-2025-03-08-06-36-48-utc-Moyenne.jpeg 640w, https:\/\/nextgensocceracademy.ch\/wp-content\/uploads\/2025\/12\/junior-football-team-2025-03-08-06-36-48-utc-Moyenne-300x200.jpeg 300w\" sizes=\"auto, (max-width: 640px) 100vw, 640px\" \/><\/figure><div class=\"wp-block-media-text__content\">\n<p>Notre \u00e9quipe est compos\u00e9e de coaches <strong>exp\u00e9riment\u00e9s, dipl\u00f4m\u00e9s et passionn\u00e9s<\/strong>, impliqu\u00e9s toute l\u2019ann\u00e9e dans le monde du football.<br>Chacun d\u2019eux pratique et entra\u00eene activement au sein de clubs r\u00e9gionaux, ce qui leur permet de rester au plus proche des r\u00e9alit\u00e9s du terrain et des besoins des jeunes joueurs.<\/p>\n<\/div><\/div>\n\n\n\n<div style=\"height:8rem\" aria-hidden=\"true\" class=\"wp-block-spacer\"><\/div>\n\n\n\n<div class=\"wp-block-media-text has-media-on-the-right is-stacked-on-mobile is-image-fill-element cff-media-text\"><div class=\"wp-block-media-text__content\">\n<p>Nous avons \u00e0 c\u0153ur d\u2019assurer la&nbsp;<strong>progression de chaque enfant<\/strong>&nbsp;en proposant des entra\u00eenements&nbsp;<strong>adapt\u00e9s \u00e0 leur \u00e2ge, leur niveau et leur rythme d\u2019apprentissage<\/strong>.<br>Nos s\u00e9ances sont pens\u00e9es pour d\u00e9velopper les bases techniques, la vision du jeu, l\u2019esprit d\u2019\u00e9quipe et la confiance en soi, le tout dans une ambiance&nbsp;<strong>bienveillante, dynamique et motivante<\/strong>.<\/p>\n<\/div><figure class=\"wp-block-media-text__media\"><img loading=\"lazy\" decoding=\"async\" width=\"1024\" height=\"682\" src=\"http:\/\/51.178.30.59\/campfoot\/wp-content\/uploads\/2025\/12\/trajectory-of-moving-2025-03-13-10-24-16-utc-1024x682.jpg\" alt=\"\" class=\"wp-image-246 size-full\" style=\"object-position:50% 50%\" srcset=\"https:\/\/nextgensocceracademy.ch\/wp-content\/uploads\/2025\/12\/trajectory-of-moving-2025-03-13-10-24-16-utc-1024x682.jpg 1024w, https:\/\/nextgensocceracademy.ch\/wp-content\/uploads\/2025\/12\/trajectory-of-moving-2025-03-13-10-24-16-utc-300x200.jpg 300w, https:\/\/nextgensocceracademy.ch\/wp-content\/uploads\/2025\/12\/trajectory-of-moving-2025-03-13-10-24-16-utc-768x512.jpg 768w, https:\/\/nextgensocceracademy.ch\/wp-content\/uploads\/2025\/12\/trajectory-of-moving-2025-03-13-10-24-16-utc-1536x1024.jpg 1536w, https:\/\/nextgensocceracademy.ch\/wp-content\/uploads\/2025\/12\/trajectory-of-moving-2025-03-13-10-24-16-utc.jpg 2000w\" sizes=\"auto, (max-width: 1024px) 100vw, 1024px\" \/><\/figure><\/div>\n\n\n\n<div style=\"height:8rem\" aria-hidden=\"true\" class=\"wp-block-spacer\"><\/div>\n\n\n\n<div class=\"wp-block-media-text is-stacked-on-mobile is-image-fill-element cff-media-text\"><figure class=\"wp-block-media-text__media\"><img loading=\"lazy\" decoding=\"async\" width=\"1024\" height=\"682\" src=\"http:\/\/51.178.30.59\/campfoot\/wp-content\/uploads\/2025\/12\/soccer-tournament-concept-2025-03-15-22-00-49-utc-1024x682.jpg\" alt=\"\" class=\"wp-image-247 size-full\" style=\"object-position:50% 50%\" srcset=\"https:\/\/nextgensocceracademy.ch\/wp-content\/uploads\/2025\/12\/soccer-tournament-concept-2025-03-15-22-00-49-utc-1024x682.jpg 1024w, https:\/\/nextgensocceracademy.ch\/wp-content\/uploads\/2025\/12\/soccer-tournament-concept-2025-03-15-22-00-49-utc-300x200.jpg 300w, https:\/\/nextgensocceracademy.ch\/wp-content\/uploads\/2025\/12\/soccer-tournament-concept-2025-03-15-22-00-49-utc-768x512.jpg 768w, https:\/\/nextgensocceracademy.ch\/wp-content\/uploads\/2025\/12\/soccer-tournament-concept-2025-03-15-22-00-49-utc-1536x1024.jpg 1536w, https:\/\/nextgensocceracademy.ch\/wp-content\/uploads\/2025\/12\/soccer-tournament-concept-2025-03-15-22-00-49-utc.jpg 2000w\" sizes=\"auto, (max-width: 1024px) 100vw, 1024px\" \/><\/figure><div class=\"wp-block-media-text__content\">\n<p>Notre objectif : permettre \u00e0 chaque enfant de&nbsp;<strong>s\u2019\u00e9panouir<\/strong>, progresser et prendre du plaisir autour du football.<br>Parce que pour nous, un bon coach est avant tout quelqu\u2019un qui&nbsp;<strong>fait grandir sur le terrain comme en dehors<\/strong><\/p>\n<\/div><\/div>\n","protected":false},"excerpt":{"rendered":"<p>Fabio Filieri Administrateur \/ webmaster Club: Birse FC David Krebs Entra\u00eeneur \/ coordinateur Club: Birse FC Steve Morand Entra\u00eeneur \/ coordinateur Club: Birse FC Dipl\u00f4m\u00e9s &amp; certifi\u00e9s Des entra\u00eeneurs form\u00e9s, exp\u00e9riment\u00e9s et actifs toute l\u2019ann\u00e9e dans le football. Entra\u00eenements sur mesure Des sessions adapt\u00e9es \u00e0 l\u2019\u00e2ge, au niveau et aux besoins de chaque enfant. \u00c9panouissement [&hellip;]<\/p>\n","protected":false},"author":1,"featured_media":247,"parent":0,"menu_order":0,"comment_status":"closed","ping_status":"closed","template":"","meta":{"footnotes":""},"class_list":["post-29","page","type-page","status-publish","has-post-thumbnail","hentry"],"yoast_head":"<!-- This site is optimized with the Yoast SEO plugin v27.1.1 - https:\/\/yoast.com\/product\/yoast-seo-wordpress\/ -->\n<title>Team - Nextgen Soccer Academy<\/title>\n<meta name=\"robots\" content=\"index, follow, max-snippet:-1, max-image-preview:large, max-video-preview:-1\" \/>\n<link rel=\"canonical\" href=\"https:\/\/nextgensocceracademy.ch\/index.php\/team\/\" \/>\n<meta property=\"og:locale\" content=\"fr_FR\" \/>\n<meta property=\"og:type\" content=\"article\" \/>\n<meta property=\"og:title\" content=\"Team - Nextgen Soccer Academy\" \/>\n<meta property=\"og:description\" content=\"Fabio Filieri Administrateur \/ webmaster Club: Birse FC David Krebs Entra\u00eeneur \/ coordinateur Club: Birse FC Steve Morand Entra\u00eeneur \/ coordinateur Club: Birse FC Dipl\u00f4m\u00e9s &amp; certifi\u00e9s Des entra\u00eeneurs form\u00e9s, exp\u00e9riment\u00e9s et actifs toute l\u2019ann\u00e9e dans le football. Entra\u00eenements sur mesure Des sessions adapt\u00e9es \u00e0 l\u2019\u00e2ge, au niveau et aux besoins de chaque enfant. \u00c9panouissement [&hellip;]\" \/>\n<meta property=\"og:url\" content=\"https:\/\/nextgensocceracademy.ch\/index.php\/team\/\" \/>\n<meta property=\"og:site_name\" content=\"Nextgen Soccer Academy\" \/>\n<meta property=\"article:publisher\" content=\"https:\/\/www.facebook.com\/profile.php?id=61586456647746\" \/>\n<meta property=\"article:modified_time\" content=\"2026-01-22T20:10:21+00:00\" \/>\n<meta property=\"og:image\" content=\"https:\/\/nextgensocceracademy.ch\/wp-content\/uploads\/2025\/12\/soccer-tournament-concept-2025-03-15-22-00-49-utc.jpg\" \/>\n\t<meta property=\"og:image:width\" content=\"2000\" \/>\n\t<meta property=\"og:image:height\" content=\"1333\" \/>\n\t<meta property=\"og:image:type\" content=\"image\/jpeg\" \/>\n<meta name=\"twitter:card\" content=\"summary_large_image\" \/>\n<meta name=\"twitter:label1\" content=\"Dur\u00e9e de lecture estim\u00e9e\" \/>\n\t<meta name=\"twitter:data1\" content=\"4 minutes\" \/>\n<script type=\"application\/ld+json\" class=\"yoast-schema-graph\">{\"@context\":\"https:\/\/schema.org\",\"@graph\":[{\"@type\":\"WebPage\",\"@id\":\"https:\/\/nextgensocceracademy.ch\/index.php\/team\/\",\"url\":\"https:\/\/nextgensocceracademy.ch\/index.php\/team\/\",\"name\":\"Team - Nextgen Soccer Academy\",\"isPartOf\":{\"@id\":\"https:\/\/nextgensocceracademy.ch\/#website\"},\"primaryImageOfPage\":{\"@id\":\"https:\/\/nextgensocceracademy.ch\/index.php\/team\/#primaryimage\"},\"image\":{\"@id\":\"https:\/\/nextgensocceracademy.ch\/index.php\/team\/#primaryimage\"},\"thumbnailUrl\":\"https:\/\/nextgensocceracademy.ch\/wp-content\/uploads\/2025\/12\/soccer-tournament-concept-2025-03-15-22-00-49-utc.jpg\",\"datePublished\":\"2025-09-19T14:56:25+00:00\",\"dateModified\":\"2026-01-22T20:10:21+00:00\",\"breadcrumb\":{\"@id\":\"https:\/\/nextgensocceracademy.ch\/index.php\/team\/#breadcrumb\"},\"inLanguage\":\"fr-FR\",\"potentialAction\":[{\"@type\":\"ReadAction\",\"target\":[\"https:\/\/nextgensocceracademy.ch\/index.php\/team\/\"]}]},{\"@type\":\"ImageObject\",\"inLanguage\":\"fr-FR\",\"@id\":\"https:\/\/nextgensocceracademy.ch\/index.php\/team\/#primaryimage\",\"url\":\"https:\/\/nextgensocceracademy.ch\/wp-content\/uploads\/2025\/12\/soccer-tournament-concept-2025-03-15-22-00-49-utc.jpg\",\"contentUrl\":\"https:\/\/nextgensocceracademy.ch\/wp-content\/uploads\/2025\/12\/soccer-tournament-concept-2025-03-15-22-00-49-utc.jpg\",\"width\":2000,\"height\":1333,\"caption\":\"Soccer Tournament Concept with Modern Soccer Ball and Player Cleats Shoes. Team Sports Theme. Soccer Tournament Concept:soccer,football,sport,team,player,shoes,ball,professional,cleaths,club,education,outdoor,tournament,game,goal,gaming,playing,grass,field,lawn,sunny,object,horizontal\"},{\"@type\":\"BreadcrumbList\",\"@id\":\"https:\/\/nextgensocceracademy.ch\/index.php\/team\/#breadcrumb\",\"itemListElement\":[{\"@type\":\"ListItem\",\"position\":1,\"name\":\"Home\",\"item\":\"https:\/\/nextgensocceracademy.ch\/\"},{\"@type\":\"ListItem\",\"position\":2,\"name\":\"Team\"}]},{\"@type\":\"WebSite\",\"@id\":\"https:\/\/nextgensocceracademy.ch\/#website\",\"url\":\"https:\/\/nextgensocceracademy.ch\/\",\"name\":\"Nextgen Soccer Academy\",\"description\":\"Camp de foot Jura bernois\",\"publisher\":{\"@id\":\"https:\/\/nextgensocceracademy.ch\/#organization\"},\"alternateName\":\"Camp de foot Jura bernois\",\"potentialAction\":[{\"@type\":\"SearchAction\",\"target\":{\"@type\":\"EntryPoint\",\"urlTemplate\":\"https:\/\/nextgensocceracademy.ch\/?s={search_term_string}\"},\"query-input\":{\"@type\":\"PropertyValueSpecification\",\"valueRequired\":true,\"valueName\":\"search_term_string\"}}],\"inLanguage\":\"fr-FR\"},{\"@type\":\"Organization\",\"@id\":\"https:\/\/nextgensocceracademy.ch\/#organization\",\"name\":\"Nextgen Soccer Academy\",\"alternateName\":\"NGSA\",\"url\":\"https:\/\/nextgensocceracademy.ch\/\",\"logo\":{\"@type\":\"ImageObject\",\"inLanguage\":\"fr-FR\",\"@id\":\"https:\/\/nextgensocceracademy.ch\/#\/schema\/logo\/image\/\",\"url\":\"https:\/\/nextgensocceracademy.ch\/wp-content\/uploads\/2025\/09\/nextgensoccacademy_top.png\",\"contentUrl\":\"https:\/\/nextgensocceracademy.ch\/wp-content\/uploads\/2025\/09\/nextgensoccacademy_top.png\",\"width\":116,\"height\":100,\"caption\":\"Nextgen Soccer Academy\"},\"image\":{\"@id\":\"https:\/\/nextgensocceracademy.ch\/#\/schema\/logo\/image\/\"},\"sameAs\":[\"https:\/\/www.facebook.com\/profile.php?id=61586456647746\"]}]}<\/script>\n<!-- \/ Yoast SEO plugin. -->","yoast_head_json":{"title":"Team - Nextgen Soccer Academy","robots":{"index":"index","follow":"follow","max-snippet":"max-snippet:-1","max-image-preview":"max-image-preview:large","max-video-preview":"max-video-preview:-1"},"canonical":"https:\/\/nextgensocceracademy.ch\/index.php\/team\/","og_locale":"fr_FR","og_type":"article","og_title":"Team - Nextgen Soccer Academy","og_description":"Fabio Filieri Administrateur \/ webmaster Club: Birse FC David Krebs Entra\u00eeneur \/ coordinateur Club: Birse FC Steve Morand Entra\u00eeneur \/ coordinateur Club: Birse FC Dipl\u00f4m\u00e9s &amp; certifi\u00e9s Des entra\u00eeneurs form\u00e9s, exp\u00e9riment\u00e9s et actifs toute l\u2019ann\u00e9e dans le football. Entra\u00eenements sur mesure Des sessions adapt\u00e9es \u00e0 l\u2019\u00e2ge, au niveau et aux besoins de chaque enfant. \u00c9panouissement [&hellip;]","og_url":"https:\/\/nextgensocceracademy.ch\/index.php\/team\/","og_site_name":"Nextgen Soccer Academy","article_publisher":"https:\/\/www.facebook.com\/profile.php?id=61586456647746","article_modified_time":"2026-01-22T20:10:21+00:00","og_image":[{"width":2000,"height":1333,"url":"https:\/\/nextgensocceracademy.ch\/wp-content\/uploads\/2025\/12\/soccer-tournament-concept-2025-03-15-22-00-49-utc.jpg","type":"image\/jpeg"}],"twitter_card":"summary_large_image","twitter_misc":{"Dur\u00e9e de lecture estim\u00e9e":"4 minutes"},"schema":{"@context":"https:\/\/schema.org","@graph":[{"@type":"WebPage","@id":"https:\/\/nextgensocceracademy.ch\/index.php\/team\/","url":"https:\/\/nextgensocceracademy.ch\/index.php\/team\/","name":"Team - Nextgen Soccer Academy","isPartOf":{"@id":"https:\/\/nextgensocceracademy.ch\/#website"},"primaryImageOfPage":{"@id":"https:\/\/nextgensocceracademy.ch\/index.php\/team\/#primaryimage"},"image":{"@id":"https:\/\/nextgensocceracademy.ch\/index.php\/team\/#primaryimage"},"thumbnailUrl":"https:\/\/nextgensocceracademy.ch\/wp-content\/uploads\/2025\/12\/soccer-tournament-concept-2025-03-15-22-00-49-utc.jpg","datePublished":"2025-09-19T14:56:25+00:00","dateModified":"2026-01-22T20:10:21+00:00","breadcrumb":{"@id":"https:\/\/nextgensocceracademy.ch\/index.php\/team\/#breadcrumb"},"inLanguage":"fr-FR","potentialAction":[{"@type":"ReadAction","target":["https:\/\/nextgensocceracademy.ch\/index.php\/team\/"]}]},{"@type":"ImageObject","inLanguage":"fr-FR","@id":"https:\/\/nextgensocceracademy.ch\/index.php\/team\/#primaryimage","url":"https:\/\/nextgensocceracademy.ch\/wp-content\/uploads\/2025\/12\/soccer-tournament-concept-2025-03-15-22-00-49-utc.jpg","contentUrl":"https:\/\/nextgensocceracademy.ch\/wp-content\/uploads\/2025\/12\/soccer-tournament-concept-2025-03-15-22-00-49-utc.jpg","width":2000,"height":1333,"caption":"Soccer Tournament Concept with Modern Soccer Ball and Player Cleats Shoes. Team Sports Theme. Soccer Tournament Concept:soccer,football,sport,team,player,shoes,ball,professional,cleaths,club,education,outdoor,tournament,game,goal,gaming,playing,grass,field,lawn,sunny,object,horizontal"},{"@type":"BreadcrumbList","@id":"https:\/\/nextgensocceracademy.ch\/index.php\/team\/#breadcrumb","itemListElement":[{"@type":"ListItem","position":1,"name":"Home","item":"https:\/\/nextgensocceracademy.ch\/"},{"@type":"ListItem","position":2,"name":"Team"}]},{"@type":"WebSite","@id":"https:\/\/nextgensocceracademy.ch\/#website","url":"https:\/\/nextgensocceracademy.ch\/","name":"Nextgen Soccer Academy","description":"Camp de foot Jura bernois","publisher":{"@id":"https:\/\/nextgensocceracademy.ch\/#organization"},"alternateName":"Camp de foot Jura bernois","potentialAction":[{"@type":"SearchAction","target":{"@type":"EntryPoint","urlTemplate":"https:\/\/nextgensocceracademy.ch\/?s={search_term_string}"},"query-input":{"@type":"PropertyValueSpecification","valueRequired":true,"valueName":"search_term_string"}}],"inLanguage":"fr-FR"},{"@type":"Organization","@id":"https:\/\/nextgensocceracademy.ch\/#organization","name":"Nextgen Soccer Academy","alternateName":"NGSA","url":"https:\/\/nextgensocceracademy.ch\/","logo":{"@type":"ImageObject","inLanguage":"fr-FR","@id":"https:\/\/nextgensocceracademy.ch\/#\/schema\/logo\/image\/","url":"https:\/\/nextgensocceracademy.ch\/wp-content\/uploads\/2025\/09\/nextgensoccacademy_top.png","contentUrl":"https:\/\/nextgensocceracademy.ch\/wp-content\/uploads\/2025\/09\/nextgensoccacademy_top.png","width":116,"height":100,"caption":"Nextgen Soccer Academy"},"image":{"@id":"https:\/\/nextgensocceracademy.ch\/#\/schema\/logo\/image\/"},"sameAs":["https:\/\/www.facebook.com\/profile.php?id=61586456647746"]}]}},"_links":{"self":[{"href":"https:\/\/nextgensocceracademy.ch\/index.php\/wp-json\/wp\/v2\/pages\/29","targetHints":{"allow":["GET"]}}],"collection":[{"href":"https:\/\/nextgensocceracademy.ch\/index.php\/wp-json\/wp\/v2\/pages"}],"about":[{"href":"https:\/\/nextgensocceracademy.ch\/index.php\/wp-json\/wp\/v2\/types\/page"}],"author":[{"embeddable":true,"href":"https:\/\/nextgensocceracademy.ch\/index.php\/wp-json\/wp\/v2\/users\/1"}],"replies":[{"embeddable":true,"href":"https:\/\/nextgensocceracademy.ch\/index.php\/wp-json\/wp\/v2\/comments?post=29"}],"version-history":[{"count":18,"href":"https:\/\/nextgensocceracademy.ch\/index.php\/wp-json\/wp\/v2\/pages\/29\/revisions"}],"predecessor-version":[{"id":384,"href":"https:\/\/nextgensocceracademy.ch\/index.php\/wp-json\/wp\/v2\/pages\/29\/revisions\/384"}],"wp:featuredmedia":[{"embeddable":true,"href":"https:\/\/nextgensocceracademy.ch\/index.php\/wp-json\/wp\/v2\/media\/247"}],"wp:attachment":[{"href":"https:\/\/nextgensocceracademy.ch\/index.php\/wp-json\/wp\/v2\/media?parent=29"}],"curies":[{"name":"wp","href":"https:\/\/api.w.org\/{rel}","templated":true}]}}